32070
In base 15, what is 7069 + 2454?
94bd
In base 4, what is -13020201201213 + 2?
-13020201201211
In base 10, what is -200589 - 53?
-200642
In base 16, what is -6cc4 - -547?
-677d
In base 4, what is -123300 - -10122?
-113112
In base 12, what is 15b + 340b88?
341127
In base 2, what is -100101111010 + 1011100100111?
110110101101
In base 13, what is -5 + -8b9ab1?
-8b9ab6
In base 15, what is 12 - 2d096b4?
-2d096a2
In base 7, what is 10452003 + 3?
10452006
In base 7, what is -516 + -165052?
-165601
In base 7, what is -300602 + -2561?
-303463
In base 15, what is -15 + -5573b?
-55751
In base 13, what is -1877ca1 - -1?
-1877ca0
In base 13, what is -1 - 89540a2?
-89540a3
In base 6, what is 110010 + -15535?
50031
In base 6, what is -2423255253 - 3?
-2423255300
In base 3, what is 1022200000220110011 - -10?
1022200000220110021
In base 13, what is -34899778 + -5?
-34899780
In base 16, what is -c46ee - -1cc?
-c4522
In base 11, what is 1 + 7522016?
7522017
In base 15, what is -1075 + -d19?
-1d8e
In base 7, what is 21232331 - -31?
21232362
In base 6, what is -3235303051 + 5?
-3235303042
In base 14, what is -525c03 - -45?
-525b9c
In base 9, what is 105028 - 1630?
103288
In base 12, what is 400a2bb + 0?
400a2bb
In base 16, what is bd5 - 5d7?
5fe
In base 14, what is 3905c + -a0b?
38451
In base 13, what is -c4a213 + -1?
-c4a214
In base 16, what is -1729b + -4f?
-172ea
In base 3, what is 2022120210022 - -102?
2022120210201
In base 2, what is -10001001111001111111011101 - -101?
-10001001111001111111011000
In base 6, what is -233 - -22524420?
22524143
In base 5, what is 403 - -20440334?
20441242
In base 5, what is -1012021 - 34133?
-1101204
In base 9, what is 64858638 + -5?
64858633
In base 7, what is 234266 - -461?
235060
In base 2, what is -101011001100100 - 1?
-101011001100101
In base 14, what is 18 - -715b2?
715ca
In base 16, what is -48f4c34 + -8?
-48f4c3c
In base 10, what is -2 + -2701253?
-2701255
In base 13, what is -88b + -16b?
-a29
In base 5, what is -1241 - 2041131?
-2042422
In base 15, what is 5 + -394db0?
-394daa
In base 13, what is -94206 + -487?
-94690
In base 15, what is -5 + -271592?
-271597
In base 5, what is 3102441 + 21313?
3124304
In base 14, what is -4 - 9213c37?
-9213c3b
In base 5, what is 0 + 4200032102?
4200032102
In base 16, what is -4 + 268b21?
268b1d
In base 7, what is -1030361 + 14?
-1030344
In base 12, what is 47 - -359a72?
359ab9
In base 12, what is 366641 - 3?
36663a
In base 11, what is -193 - -383419?
383236
In base 7, what is -326602106 + 5?
-326602101
In base 9, what is 1314604 + 1001?
1315605
In base 4, what is -2 - -22232131133?
22232131131
In base 13, what is 138c27 + 26?
138c50
In base 10, what is -427 - 15599?
-16026
In base 8, what is 233567 - -5360?
241147
In base 2, what is 10011111100001111010101001 + 100?
10011111100001111010101101
In base 5, what is 3033321430 + 3?
3033321433
In base 13, what is 90 + -2772c9?
-277239
In base 6, what is -53005 + -14113?
-111122
In base 16, what is 3 - 339700?
-3396fd
In base 7, what is 5425 + 2535?
11263
In base 13, what is 17548 - 529?
1701c
In base 15, what is -5 + -32deb?
-32e01
In base 11, what is -435413 - 35?
-435448
In base 5, what is -204241021 - 1312?
-204242333
In base 5, what is -124444 + -241?
-130240
In base 14, what is -17 - -458845?
45882c
In base 4, what is 10222 + -122102020?
-122031132
In base 3, what is 22110120101 + -20122?
22110022202
In base 13, what is 40b8183 + -36?
40b814a
In base 14, what is -1 - 48db62?
-48db63
In base 2, what is -111001 + 11010100110100010?
11010100101101001
In base 4, what is 3 - -21201111222?
21201111231
In base 16, what is 5 + 2b08da?
2b08df
In base 10, what is 507 - -264863?
265370
In base 8, what is 45476203 - -13?
45476216
In base 6, what is -33 + 51123415?
51123342
In base 13, what is -413 - 4226?
-4639
In base 2, what is -11010101101110010011 + 10111011?
-11010101101011011000
In base 9, what is 40 + 70551?
70601
In base 7, what is 451 + -552440?
-551656
In base 2, what is -1110010001111111101000 - 11?
-1110010001111111101011
In base 16, what is 40d6 - 546f?
-1399
In base 15, what is 9ad33 - 50?
9acd3
In base 11, what is 2109 - 15?
20a4
In base 12, what is 4 - 93248496?
-93248492
In base 13, what is 48062 + 68?
480ca
In base 14, what is -1c953b - a4?
-1c9601
In base 13, what is -9331b720 - 5?
-9331b725
In base 6, what is -21332504 + -212?
-21333120
In base 9, what is 6668277 - 203?
6668074
In base 10, what is 222428 - 1010?
221418
In base 14, what is 1 - -2271d86?
2271d87
In base 6, what is -112 - -31515253?
31515141
In base 15, what is 2d80b + 912?
2e21d
In base 2, what is -101010001101111101000101 + 1100?
-101010001101111100111001
In base 12, what is 3938811 - 8?
3938805
In base 4, what is -3 - 123120321220?
-123120321223
In base 11, what is -2276a - 3?
-22772
In base 9, what is -4206 + 2824?
-1272
In base 7, what is 2 + 512433616?
512433621
In base 13, what is 21aa5957 + -2?
21aa5955
In base 3, what is -12 - 2020002210110110?
-2020002210110122
In base 2, what is 10010 + 1101111000010000000?
1101111000010010010
In base 9, what is -2 + -203054677?
-203054680
In base 2, what is -101110 - 11110010111000000111?
-11110010111000110101
In base 5, what is -1004334 - 121402?
-1131241
In base 11, what is 15 + -37675?
-37660
In base 5, what is 241402204133 + -3?
241402204130
In base 11, what is 126031 - 60?
125a81
In base 9, what is 102 + -7045017?
-7044815
In base 8, what is -74042160 - 2?
-74042162
In base 12, what is 12179 + 2236?
143b3
In base 14, what is 446014 + -5?
44600d
In base 8, what is 15 + -2203566?
-2203551
In base 10, what is -276778 + -4449?
-281227
In base 8, what is -152 - -50164546?
50164374
In base 8, what is -26 - -34401162?
34401134
In base 14, what is 810059 + 52?
8100ab
In base 11, what is 1670a - 94?
16626
In base 13, what is 342c + ab7?
4216
In base 7, what is -16465610152 - -1?
-16465610151
In base 2, what is -111111011111100011110 + -110100?
-111111011111101010010
In base 3, what is -101001 - 1221021001212?
-1221021102220
In base 16, what is -1c3c660 + 5?
-1c3c65b
In base 8, what is -51 - 216520?
-216571
In base 7, what is -102104205 - 2?
-102104210
In base 7, what is -111 - 214656?
-215100
In base 6, what is -23551053 - -1140?
-23545513
In base 10, what is -938757 + -8?
-938765
In base 2, what is -10 + -11010110101001011011101?
-11010110101001011011111
In base 12, what is 2b0616 + 15?
2b062b
In base 15, what is -a111 - -270?
-9d91
In base 7, what is -331 + -2450665?
-2451326
In base 12, what is 4 - -10298b3?
10298b7
In base 10, what is 3 - 8894680?
-8894677
In base 6, what is -123324 - -11540?
-111344
In base 8, what is 21552427 + 5?
21552434
In base 3, what is -10 + -100002101221121?
-100002101221201
In base 15, what is -1a56 + -10c9?
-2b30
In base 6, what is -351223345314 - -4?
-351223345310
In base 6, what is 4 - -23151315032?
23151315040
In base 7, what is -55453 + 300105?
211322
In base 13, what is 14cb + aa0?
229b
In base 4, what is 3113112 - -1200030?
10313202
In base 10, what is 4 + -1216530?
-1216526
In base 8, what is -1276313 - -167?
-1276124
In base 2, what is 100101 + -110111111100010001010?
-110111111100001100101
In base 12, what is -150 - -27287?
27137
In base 16, what is 1 + 715b4b3?
715b4b4
In base 2, what is -100010011001 + -101111000001000?
-110011010100001
In base 4, what is -11 - 123210221010303?
-123210221010320
In base 3, what is -1210101220221220 - -11?
-1210101220221202
In base 13, what is 5 - 4703?
-46cb
In base 2, what is -10000001101000111000110 - -1110?
-10000001101000110111000
In base 13, what is 6075103 - -3?
6075106
In base 4, what is 112 + -213101112133?
-213101112021
In base 13, what is 831 + 4b862?
4c393
In base 5, what is 24 - 102143404?
-102143330
In base 16, what is -1c62 - -cd?
-1b95
In base 2, what is 111 + 1101010100110111011000001?
1101010100110111011001000
In base 6, what is -22140 + -320?
-22500
In base 4, what is 120 - 2303031113?
-2303030333
In base 8, what is -166370214 + 2?
-166370212
In base 6, what is 2 + -1143534133?
-1143534131
In base 15, what is 7 + 202daa?
202db2
In base 8, what is 5144 + -40437?
-33273
In base 4, what is 302011 - -30210?
332221
In base 8, what is 107732 + -330?
107402
In base 2, what is -10 - 10101000111110100111010000?
-101010001111101001